be u(9). What is the remainder when 8 is divided by k/((-3)/((-6)/4))?
2
Suppose 0 = -38*y + 44*y - 504. Calculate the remainder when y is divided by (-44)/(-2)*(-1 - -2).
18
What is the remainder when -345*-4*(-3)/(-30) is divided by 35?
33
Suppose 3*m - 41 = 28. Calculate the remainder when 68 is divided by m.
22
Suppose 19 = 10*r - 31. What is the remainder when 6 is divided by r?
1
Suppose 0 = -d - 5 - 0. Suppose 34 = -2*i + 4*s, -1 - 1 = 2*s. Let v = d - i. Calculate the remainder when 40 is divided by v.
12
Let n(v) = 2*v**2 + 5*v - 1. Let b be n(-5). Let t = -12 + b. What is the remainder when 4/22 + 2510/110 is divided by t?
11
Suppose 3*r - 45 = -2*r. Calculate the remainder when 34 is divided by r.
7
Suppose -4*i + 7*i = 45. What is the remainder when i is divided by 3?
0
Calculate the remainder when 4/(-1) - -4 - -3 is divided by 4/(-6)*12/(-8).
0
Suppose -5*t - 3*f + 49 = -f, 6 = 3*f. What is the remainder when 33 is divided by t?
6
Let n(k) = -3*k + 4. Calculate the remainder when n(-7) is divided by 8/(-12) - (-69)/9.
4
Calculate the remainder when (-2)/5*(-900)/15 is divided by 9.
6
Let j = -5 - -21. Calculate the remainder when 60 is divided by j.
12
Let v(l) = -12*l - 67. What is the remainder when v(-7) is divided by 3?
2
Suppose -b = -0*b - 15. Suppose -4*p + 2*p = 308. Let d = -110 - p. What is the remainder when d is divided by b?
14
Suppose 4*i = 12, i + 1 - 4 = 3*m. Suppose m*h = h - 14. Suppose -10 = -2*l - n, -3*n = -3*l + l + 10. What is the remainder when h is divided by l?
4
Let o = 5 + -4. What is the remainder when 34 is divided by (-18)/(o + 8/(-4))?
16
Let q(x) = 18*x**2 + x + 6. Calculate the remainder when q(-3) is divided by 42.
39
Let n = 43 - 18. Let t be -3*1*-1 + 2. Suppose h = -y + 5, t*h - 2*h + 5*y - 7 = 0. What is the remainder when n is divided by h?
7
Let v(z) = z**2 - 4*z - 6. What is the remainder when (-3)/(-9) - (-131)/3 is divided by v(-3)?
14
Suppose 10*o - 203 = 7. Calculate the remainder when 4/(((-4)/15)/(-4)) is divided by o.
18
Let h(i) = -i + 14. Suppose 3*t - 20 - 1 = 0. Calculate the remainder when 12 is divided by h(t).
5
Let m be -1*(0 + -2) + 1. Let r(i) = m - 3*i - 6 - i. What is the remainder when r(-3) is divided by 5?
4
Let v(g) = 4*g**3 - g. Let z(a) = 21*a**3 + a**2 - 6*a - 1. Let c(u) = 11*v(u) - 2*z(u). Calculate the remainder when c(2) is divided by 5.
2
Let i(p) = 46*p. Suppose -8*z + 3 = -5*z. Calculate the remainder when i(z) is divided by 16.
14
Let r(j) = -86*j**3 - 2*j - 1. Let i be r(-1). Let u = i - 57. Calculate the remainder when u is divided by 8.
6
Suppose -56 + 171 = 5*m. Let s(d) = -d**3 - 12*d**2 + 12. Calculate the remainder when m is divided by s(-12).
11
Let a(c) = 2*c**2 - 24*c + 12. Calculate the remainder when 30 is divided by a(12).
6
Let b = -15 + 18. Calculate the remainder when 11 is divided by b.
2
Suppose -2*w + 4*c + 36 = 0, -3*c + 2*c - 37 = -4*w. Suppose 2*m - w - 4 = 0. What is the remainder when m is divided by 2?
0
What is the remainder when 2/((-1235)/(-245) - 5) is divided by 26?
23
Let t = -22 + -50. Let v be 4/(-6)*t/(-16). Calculate the remainder when 10 is divided by -3 + v/(-2)*6.
4
Suppose 0 = 5*s - 2*z - 75, -3*s + 0*s + 45 = 4*z. Let c = s + 14. What is the remainder when c is divided by 10?
9
Calculate the remainder when 6 is divided by (9/((-3)/1))/(-1).
0
Let t(s) = -2*s**3 + s**2 - s + 6. Calculate the remainder when 21 is divided by t(0).
3
Let d(g) = 5*g**2 + g - 4. What is the remainder when d(-4) is divided by 25?
22
Suppose -3*u + 0*u + p + 1 = 0, 0 = -u - 5*p + 11. What is the remainder when (u + 2)/(3/2) is divided by 2?
0
Suppose -2 - 4 = -2*u. Let z(a) = -a**3 - 9*a**2 - 9*a - 8. Let n be z(-8). Suppose -40 = -n*c - 5*c. What is the remainder when c is divided by u?
2
Suppose 0 = 76*l - 81*l + 190. What is the remainder when l is divided by 3 + -2 + 24/2?
12
Suppose 0*g = g - 44. Suppose 0*a - 2*a = -g. What is the remainder when 65 is divided by a?
21
Let k(n) = -5*n + 1. Let y be k(1). Let g(o) = -4*o - 3. Suppose -3 = -5*z + 22. What is the remainder when g(y) is divided by z?
3
Let u be 2/5 - (-48)/(-20). Let z = u + 1. Calculate the remainder when 7 is divided by z/1 - -4 - -1.
3
Suppose -c - 4*j - 5 = -19, -3*c - 26 = -5*j. Let m = c - 17. Let x = -11 - m. What is the remainder when 22 is divided by x?
6
Suppose 5*c = -4*q + 231 - 57, -3*c - 3*q + 102 = 0. Suppose 0*u - 57 = -3*g + u, -2*g = -5*u - c. What is the remainder when 56 is divided by g?
18
Let s = -25 + 43. What is the remainder when 70 is divided by s?
16
Let z(j) = 8*j + 5. What is the remainder when z(3) is divided by (-62)/(-8) + (-3)/(-12)?
5
Let b(h) = -28*h - 11. Calculate the remainder when 177 is divided by b(-2).
42
Let c(b) = -b + 5. Calculate the remainder when c(-14) is divided by 7.
5
Let d(o) = -34*o - 1. Let t be d(-1). Let j be 6 + -8 - (-6)/1. Let x = j + t. Calculate the remainder when x is divided by 13.
11
Suppose 44 = q - 0*q. What is the remainder when q is divided by 23?
21
Suppose 10 - 54 = -4*l. Suppose 0 = -m + 6 - 1. Suppose 0 = m*i + 5*j - 185, -2*i + 59 = -2*j + j. What is the remainder when i is divided by l?
10
Let s(c) = c**3 + 4*c**2 - c - 4. Let g be s(-4). Suppose g = 2*o - o - 20. Calculate the remainder when o is divided by 7.
6
Let k = 112 - -17. What is the remainder when k is divided by 46?
37
Calculate the remainder when 13 is divided by -1*(-4 - -3 - 3).
1
Let c = -13 - -4. Let y be 30/c - (-4)/(-6). What is the remainder when (-2 + 58)*(-2)/y is divided by 10?
8
Suppose -6*c + 11*c = 75. Calculate the remainder when c is divided by 4.
3
Let k be -4 - ((-1)/1 - 2). What is the remainder when 5/k*(1 + -3) is divided by 6?
4
Suppose 2*r - 50 = -3*j, -4*r - 53 + 13 = -j. Let y(o) = o**3 - 4*o**2 + 6. Calculate the remainder when y(6) is divided by j.
18
Suppose -2*x - 3*o = 3*x - 27, -2*o - 1 = -3*x. Calculate the remainder when x - 0/(-3)*1 is divided by 2.
1
Calculate the remainder when 18 is divided by 13 + -2 + 1*4/(-4).
8
Suppose q - 5*q = -20. Suppose 4*l = -0*u - 2*u + 204, 0 = 5*u + q*l - 490. Calculate the remainder when u is divided by 24.
22
Suppose -o - 4*c = -21, -3*o + 3*c - 10 = 2*o. Let l = -23 + 44. What is the remainder when l/(-14) + 5/2 is divided by o?
0
Let h = 14 + -12. Suppose -4*k - h*j - 46 + 184 = 0, 3*k - 106 = j. What is the remainder when k is divided by 9?
8
Suppose 0 = -3*k - 4*f + 18 + 39, 2*f + 57 = 3*k. What is the remainder when 34 is divided by k?
15
Suppose 68 = 5*p + 3. Suppose 2*w - 6*w = -g + 37, -w - 3 = 0. Calculate the remainder when g is divided by p.
12
Let h be 1/(-3) + (-58)/(-3). Let w = h + -11. Let n(q) = -6*q + 4. Calculate the remainder when n(-3) is divided by w.
6
Let m be (-302*1)/(-3 - -1). Suppose m + 29 = 2*h. Calculate the remainder when h is divided by 23.
21
Suppose 4*z + 12 = 8*z. Suppose -2*p + 4*p = z*n - 34, 2*n - 25 = -p. What is the remainder when (-5 + 0)*(-44)/10 is divided by n?
10
Suppose 185 = 3*z + 2*t, -4*z - 4*t = z - 307. Calculate the remainder when z is divided by 16.
15
Let p(q) = -q**3 + q + 16. Let w(d) = d**2 + 2*d - 2. Suppose 5*m + 2*b = -18, 0 = 5*m + b + 27 - 8. What is the remainder when p(0) is divided by w(m)?
4
Suppose 29*j + 54 = 31*j. What is the remainder when 105 is divided by j?
24
Let u be ((-6)/(-4))/((-1)/(-10)). Let c = u + 12. What is the remainder when 53 is divided by c?
26
Suppose 5*q + 2*j - 145 = 14, 0 = 4*q - j - 135. What is the remainder when q is divided by 17?
16
Suppose 0 = -3*k + 3*y + 354, -4*k = 8*y - 4*y - 448. Suppose 0 = -7*i + 2*i + k. Calculate the remainder when i is divided by 14.
9
Suppose -10 = -c - 2*p, 1 = -c - 4*p + 5. Suppose v = -1, -3*t = 2*t - 2*v - 32. Calculate the remainder when c is divided by t.
4
Suppose -56 = 2*u - 0. Let h be 2/7 + (-3688)/u. Suppose -4*x + 2*o = -124, -4*x - o + h = o. Calculate the remainder when x is divided by 11.
10
Let q(b) = b**2 - 14*b + 4. Let h = -18 - -72. Calculate the remainder when h is divided by q(15).
16
Let c(s) = -s + 1 + 1 + 3*s + 4*s**2 + 0. What is the remainder when 26 is divided by c(-2)?
12
Let h(p) = p - 8. Let z be h(6). Let i be (-2 - -2 - -60) + z. Let l = i - 41. What is the remainder when l is divided by 10?
7
Suppose 3*i - 